git of v?
3
Suppose 1944 = -7*b - 11*b. Let q be (3 - b) + (0 - 4). Let y = -21 + q. What is the tens digit of y?
8
Let z(d) = -6*d + 54. Let f = -61 - -33. What is the hundreds digit of z(f)?
2
Let g = 123 + -120. Let a(f) = g*f**3 - 8 - 3*f**2 - f**3 - f + 2 + 0. What is the tens digit of a(4)?
7
Suppose 8*o + 13 - 85 = 0. Suppose -2*p - 3*w + 0*w = -o, p + 4*w - 2 = 0. Suppose -3*y - 149 = -2*t, -p*t + 251 = -3*t + y. What is the tens digit of t?
8
Let o(n) = 61*n - 4. Let j(v) = -31*v + 3. Let y(a) = 5*j(a) + 3*o(a). Let d be ((-4)/6 - 0)*-3. What is the units digit of y(d)?
9
Let n(k) = -5*k**3 - 12*k**2 - 25*k - 2. Let h be (-104)/22 + (-147)/539. What is the units digit of n(h)?
8
Suppose -4*g = -5*k + 530, -5*k + 25*g = 27*g - 530. Let i = 630 - k. What is the units digit of i?
4
Suppose -5*o = 0, -4*o = -a - 2*o. Suppose -5*d = -4*z, a = d + 7*z - 3*z. Suppose 5*x = 2*m + 688, -2*x + m + 276 = -d*m. What is the units digit of x?
6
Let v = -22 - 1292. Let r = v + 2804. What is the hundreds digit of r?
4
Let v(l) = 198*l**2 + 178*l - 1416. What is the ten thousands digit of v(9)?
1
Let b(q) = 21*q + 21. Suppose -3*j = 4*n - 0*n + 134, 3*j - 122 = 4*n. Let k be 1/(-2)*n/4. What is the units digit of b(k)?
5
Suppose -2*n + 2*p + 3942 = 0, 2*n + 5*p - p - 3930 = 0. Let q = -1052 + n. What is the tens digit of q?
1
Let q = 3048 + 4948. Suppose -2898 = -2*v + 2*z, -5*v - 791 = 5*z - q. What is the thousands digit of v?
1
Let z(i) = 8044*i**3 + 7*i**2 + 3*i - 9. What is the units digit of z(1)?
5
Let h be 7 + (-1090)/25 + (-3)/(-5). What is the units digit of (5/2)/(214/h - -6)?
5
Let o(k) = 5*k**2 - 35*k - 537. What is the thousands digit of o(-26)?
3
Suppose -3*q - 12276 = 4*c, 6138 = 13*c - 15*c - q. What is the tens digit of (2 + (-12)/4)/(3/c)?
2
Let d = 6 - 4. Suppose -3*o = 2*v + 308, -v = -4*o + d*o - 203. Let z = o + 161. What is the units digit of z?
9
Let x(u) = -2*u - 1. Let r(c) = 6*c + 219. Let f(n) = r(n) + 15*x(n). What is the units digit of f(-16)?
8
Let z be 2 + (-4 - -3) + 1. Suppose -4*k + 2*y + 10 = -2*k, 4*k - 17 = 3*y. Suppose -5*g = -z*w - 548, 0*w + k*w - 424 = -4*g. What is the tens digit of g?
0
Suppose -4*b - 55336 = -4*a, -5*a - 4*b + 69176 = -8*b. What is the ten thousands digit of a?
1
Suppose 126767 = 3*z + 5*o - 9*o, -3*o + 211259 = 5*z. What is the tens digit of z?
5
Let q(b) = -7*b**3 - b**2 - 2*b - 1. Let y be q(-1). Let a(d) = d**3 - 7*d**2 + 8*d + 16. What is the units digit of a(y)?
2
Let u(h) = 27*h**2 + 34*h - 180. What is the tens digit of u(13)?
2
Let m = 315 - 312. Suppose -48*q + 43*q + 757 = y, -m*q - 3897 = -5*y. What is the units digit of y?
7
Suppose 2 = -r - 0*r + 3*b, 0 = r + b - 6. Suppose -d - 4*d = h - 421, r*h = -4*d + 1748. What is the hundreds digit of h?
4
Let a(b) = 2*b**2 - b**2 + 4 - 65*b + 57*b. Let q be a(7). What is the units digit of (158/(-6) - -3)*q?
0
Let c = -2295 - -4564. What is the hundreds digit of c?
2
Let o be (-1)/3*(-26 + -3412). Let z = o + -482. What is the units digit of z?
4
Let g(c) = -2*c**2 + 32*c - 21. Let i be g(15). Suppose -i*l - 2106 = -27*l. What is the units digit of l?
7
Suppose 8*z - 42466 = -5*z - 4*z. What is the tens digit of z?
9
What is the tens digit of (1707 - -7) + -6 + 6/3 + -8?
0
Suppose 2*q - 34852 = 4*x, -69728 = -4*q - 3*x + 7*x. What is the tens digit of q?
3
Suppose 4*y - 33864 = -5*x, 1594*x - 25367 = -3*y + 1598*x. What is the tens digit of y?
6
Let a be (-3 - -5) + -5 - -14297. Suppose -a = -2*f - 12*f. What is the tens digit of f?
2
Let o(r) = -15*r - 3*r - r. Let c = -38 + 34. What is the units digit of o(c)?
6
What is the tens digit of ((-1477)/(-14) - 2)/(-2 - (-15)/6)?
0
Let p = -211 - -271. What is the units digit of (4/3)/(p/1035)?
3
Suppose 0 = 5*y + 27307 - 98347. What is the thousands digit of y?
4
Suppose 532 = 4*m - k, 151 = -3*m - k + 557. Suppose -131*q = -m*q + 723. What is the hundreds digit of q?
2
Let o = 29795 - 9617. What is the thousands digit of o?
0
Let m be (-138)/(-60) + -2 - 10035/(-50). Let j be 134*(-3 + 6 - 0). Let f = j - m. What is the hundreds digit of f?
2
Let i = -793 - -510. Let u = 394 + i. What is the tens digit of u?
1
Let h = -7 - 9. Let d = -536 + 538. Let c = d - h. What is the units digit of c?
8
Suppose 0*q = 14*q - 630. Let o = q - 24. Let v(t) = -2*t**2 + 46*t - 26. What is the tens digit of v(o)?
5
Suppose 0 = -5*y - 4*c - 82, -y - 42 = y - 3*c. Let h = -8 - y. Let a(x) = 6*x + 2. What is the units digit of a(h)?
2
What is the thousands digit of 4/22 + 64753514/902?
1
Suppose r + 18 = -8*r. What is the thousands digit of 1 - 3*(r - 441)?
1
Suppose 279219 + 233004 + 261333 = 84*p. What is the hundreds digit of p?
2
Let j(a) = 3*a + 2. Let f(y) = 1. Let t(l) = -3*f(l) + j(l). Let u be t(2). Suppose -v + 330 = u*v. What is the tens digit of v?
5
Let i(x) = 619*x + 15. Let v be i(-1). Let a = v + 626. What is the tens digit of a?
2
Suppose -1221654 = -26*o + 794282. What is the hundreds digit of o?
5
Let f(t) = 61*t + 27. Let o be f(10). Suppose -11*s = -24*s + o. Let w = 31 + s. What is the tens digit of w?
8
Suppose 5*y + 6*j - 53889 = 3*j, 4*j - 32329 = -3*y. What is the thousands digit of y?
0
Suppose 403065 = 15*f - 69570. What is the ten thousands digit of f?
3
Let f = 46952 + -31852. What is the tens digit of f?
0
Let b = 65240 - 37396. What is the ten thousands digit of b?
2
Let s = -26484 + 57580. What is the hundreds digit of s?
0
Let z(i) = -i - 2. Let m be z(-7). Suppose d + 3*c + 96 = 7*c, 3*d - m*c + 302 = 0. Let b = 6 - d. What is the hundreds digit of b?
1
Let g(c) = 43*c**3 + 14*c**2 - 58*c - 15. What is the units digit of g(4)?
9
Let l(d) be the first derivative of d**3/3 - 7*d**2/2 - d + 241. What is the units digit of l(20)?
9
Suppose -10968 = -3*c - 84*k + 88*k, -c = -2*k - 3656. What is the tens digit of c?
5
Let n(k) = -38*k - 10 + 19*k + 21*k. Let f be n(7). Let l(v) = 2*v**3 - v**2 + 7*v - 5. What is the tens digit of l(f)?
3
Suppose -3*v + 2*v = -3*q - 25, 2*v + 4*q = 0. Let x be 30*(-3 - (-2)/v). What is the tens digit of (-7212)/x - 2/(-14)?
8
Suppose 0 = -z - 4*a, 4*z = -5*a + 25 - 69. Let w(g) be the first derivative of -6*g**2 - 29*g - 36. What is the units digit of w(z)?
3
What is the units digit of 13475 + (-10 - (-31 - -14))?
2
Let y = 3184 - 1875. What is the thousands digit of y?
1
Let g be (15/4 + -3)*4. Suppose g*f - 1101 = 3*y - 7*y, 1377 = 5*y + 4*f. What is the tens digit of y?
7
Let s(y) = 568*y + 2101. What is the units digit of s(17)?
7
Suppose -672 = -5*h - 2*z + 853, 3*h - 941 = 4*z. Let x(q) = 34*q - 45. Let d be x(-4). Let s = d + h. What is the tens digit of s?
2
Suppose -1062 = 12*m + 1866. What is the hundreds digit of (-22 - 10/(-1))*m/6?
4
Suppose 0 = -33*n + 30*n + 45. What is the thousands digit of (3/(-2))/(17/((-321640)/n))?
1
Let c = -18008 + 26351. What is the units digit of c?
3
Let a(p) = 838*p - 1788. What is the thousands digit of a(20)?
4
Suppose 0 = 133*v - 137*v + 12. What is the tens digit of (v - 0) + (-8 + 4 - -240)?
3
Suppose 6*g = 7*g - 944. Suppose g = 3*u + u + 4*v, u - v = 232. What is the tens digit of u?
3
Let v be (-6)/(-42) - (-2733)/(-63)*3. Let j be 25240/v + 4/26. What is the tens digit of (j/2)/((-4)/4)?
9
Let u = 85 - 44. Let z = 10 + u. Let h = z - 27. What is the units digit of h?
4
Let j = 2872 + -1512. What is the tens digit of j?
6
Let x(m) = 2*m + 14. Let t be x(-6). Suppose 4*i - 10 = t*i. Let v = i + -3. What is the units digit of v?
2
Let c = -30 - 162. Let w = c + 336. Suppose 4*k = -0*k + w. What is the tens digit of k?
3
Let j = -63 + 186. Let z = j - -313. Suppose 111*h - 115*h = -z. What is the tens digit of h?
0
Let f(p) = -p + 6. Let q be f(3). Suppose -q*j - 44 = -4*w + 152, 4*j = -5*w + 245. What is the tens digit of w?
4
Suppose 0 = 15*r - 395 - 25. What is the hundreds digit of (-21)/r - (-11097)/12?
9
Suppose -6*p + 10 = -p. Let j(m) = 12 - m**p - 22 - 11*m + 7. What is the units digit of j(-9)?
5
Suppose 0*v + 7*v - 63 = 0. Suppose -2*h = 3 - v. What is the units digit of (-172)/(-4 - (h - 5))?
6
Let k(g) = 273*g**2 + 21*g + 143. What is the units digit of k(-15)?
3
Suppose 0*j + 38183 = 2*j - t, 95459 = 5*j - t. Suppose 30*n = -7*n + j. What is the hundreds digit of n?
5
Let a(w) = -